d by g?
5
Let c be 10*(4 - 3)*3/(-6). Let v be c/(-10)*10 - -125. Suppose 6*h - 8*h + v = 0. Calculate the remainder when 194 is divided by h.
64
Let a(k) = 2*k**2 + 12*k - 36. Let o be a(-12). Let r = o - 103. Suppose 0 = -0*i + 5*i - 80. What is the remainder when i is divided by r?
1
Let v = 59 + 70. Let l = v + -92. Suppose -16 = -m + 4. Calculate the remainder when l is divided by m.
17
Let k(d) = d**2 + 11*d - 6. Let a be k(-12). Suppose -5*f - 4*o = -3831, -a*o = -2*o + 4. Calculate the remainder when f is divided by 77.
74
Let h(f) = f**2 - 16*f - 33. Let v be h(18). Suppose -159 = -5*p - v*z + 146, 4*p - 261 = z. What is the remainder when p is divided by 33?
31
Let c(j) = -j**2 + 33*j - 236. Suppose p + 0*p = -5*d + 48, -6 = 3*p. What is the remainder when d is divided by c(11)?
4
Suppose -605*w + 129*w = -292740. What is the remainder when w is divided by 112?
55
Suppose 0 = -3*i + 2*i - 6*i. Suppose 5*h + 19*h - 1248 = i. Calculate the remainder when 99 is divided by h.
47
Let m = -12087 + 12177. Calculate the remainder when 1661 is divided by m.
41
Suppose 3*t + 8*v - 99 = 11*v, -5*t + 3*v + 155 = 0. What is the remainder when 2154 is divided by t?
26
Suppose -5*d - 2*i - 6 = 0, 3*d - i = -2*i - 3. Let p(w) = d + 13*w + 8 - 14*w. Calculate the remainder when 3 is divided by p(7).
0
Suppose 4*k - 5*l + 9 = 0, 4*l - 2 = 2*k + 2*l. Suppose 0 = -4*g + 5*y + 21 + 66, -15 = -3*y. Calculate the remainder when 14 + (-70)/k + 93/2 is divided by g.
15
Let p = -22 + 26. Suppose -2*n + r + 29 = -n, 115 = p*n - 5*r. Let q(x) = -x**2 + 26*x - 47. Calculate the remainder when q(19) is divided by n.
26
Let q = -3046 - -6274. Calculate the remainder when q is divided by 804.
12
Let z(w) = -14*w + 29. Calculate the remainder when z(-4) is divided by 4.
1
Suppose -3*f + 7 = -8. Suppose -f*d = 4*g - 45, 3*d = d - 5*g + 35. Let y = 23 - d. Calculate the remainder when 71 is divided by y.
17
Let l(s) = -3*s**3 - 417*s**2 - 5*s - 268. Calculate the remainder when 452 is divided by l(-139).
25
Suppose -154*d = -153*d - 23. Let x(s) = -s + 54. What is the remainder when x(d) is divided by 22?
9
Suppose -3*f - 3*k + 54 = 0, 0 = -5*f + 2*k - 3*k + 82. Let c be 1*2 + 4/(f/(-12)). What is the remainder when 9*c/2*(8 + -14) is divided by 4?
3
Let i(z) = -153*z - 34 - 66 - 5*z**2 + 14 + 19. Calculate the remainder when 309 is divided by i(-30).
10
Let v = 1682 + -929. What is the remainder when v is divided by 22?
5
Let h be 3*(0 - (-25)/15). Suppose 3*f + 0*f = 0, s = -h*f + 3. Suppose -s*t - t + 32 = 0. Calculate the remainder when 15 is divided by t.
7
Suppose -2*l + 30 = -l. Let j(v) = -v**3 - 4*v**2 - 4*v - 11. Calculate the remainder when j(-6) is divided by l.
25
Let y = 162 + -164. Calculate the remainder when 219 is divided by 23 + 36/(y - 4).
15
What is the remainder when 1/(-10) + 34409932/2120 is divided by 21?
19
Suppose -25*z = 76 - 2885 + 409. Calculate the remainder when 812 is divided by z.
44
Suppose 0 = 52*x - 49*x - m - 4310, -5760 = -4*x - 2*m. Calculate the remainder when x is divided by 47.
28
Let f = -17 + 33. Suppose 12*n - 303 = 9*n. Let g = n + -95. What is the remainder when f is divided by g?
4
Let l(o) be the third derivative of o**5/60 - 5*o**4/8 - 7*o**3/6 - 3*o**2. Let p be l(8). Let s = p + 114. Calculate the remainder when s is divided by 18.
15
Let h(g) = -6*g + 53. Let d(x) = x + 1. Let o(j) = -18*d(j) - 2*h(j). Calculate the remainder when 205 is divided by o(-25).
23
Suppose -3*m + 24 = -4*m. Let w = -16 - m. Let h = 8 + w. What is the remainder when 45 is divided by h?
13
Let y(t) = -16*t - 117. Let c(s) = -20*s - 128. Let o be c(-6). Calculate the remainder when 109 is divided by y(o).
10
Let y(o) = -396*o + 6031. Calculate the remainder when 390 is divided by y(15).
26
Let w be ((-8)/6)/(4/(-12)). Suppose -n + 6*n = -3*a + 16, -2 = -w*n + 3*a. Calculate the remainder when -16 - (-14)/(-28)*-82 is divided by n.
1
Suppose -5*a - 269 - 70 = -6*m, 2*m = -5*a + 93. Calculate the remainder when 1511 is divided by m.
53
Let x(a) = 2*a**2 - 158*a + 316. Let p be x(2). Suppose 55 = -10*b + 5*b. Let t = p - b. Calculate the remainder when 33 is divided by t.
14
Let o(m) = 2*m**2 - 4*m - 1. Suppose 0 = -4*s - 2*d + 4 + 8, 0 = -d. Suppose 0 = 14*i - 20*i - 47*i + 689. What is the remainder when i is divided by o(s)?
3
Let w = 334 + -322. Let p(k) = 12*k + 69. Calculate the remainder when p(w) is divided by 36.
33
Let s(r) = -r**2 - 434*r + 2198. Suppose 3*t + 6*i - i = 64, -i + 68 = 3*t. Calculate the remainder when t is divided by s(5).
2
Let p(w) = -6*w - 30. Let t be p(-10). Suppose t + 51 = 3*n. Let s = n - 18. Calculate the remainder when s is divided by 3.
0
Let r(j) = -18*j - 198. Let q be r(-36). Let z = q + -347. Calculate the remainder when z is divided by (6/4 + -2)*-42.
19
Suppose 48*v - 10904 = -10*v. What is the remainder when v is divided by 24?
20
Let d = -2174 - -2337. What is the remainder when 512 is divided by d?
23
Let i be (34/51)/((-4)/1158). Let r = 213 + i. What is the remainder when 79 is divided by r?
19
Let w be 4/3*(-7 - (-33)/6). Let d(b) be the third derivative of -b**4/2 - 7*b**3/6 - b**2. What is the remainder when 62 is divided by d(w)?
11
Let i be -530 + (-5 - -9) + 5. Let b = -355 - i. What is the remainder when b is divided by 34?
30
Suppose -7 = i, 28 = -4*n + 9*n + i. Calculate the remainder when 310 is divided by n.
2
Suppose -848*c + 58576 + 318671 = -185*c. What is the remainder when 1720 is divided by c?
13
Let k = 447 - 441. Calculate the remainder when 2885/10 - (-9)/k is divided by 73.
71
Suppose -37*g - 4774 + 26686 = 46*g. Calculate the remainder when g is divided by 15.
9
Suppose -x + 465 = 4*x. Let k = -309 + 274. Let v(m) = -7*m - 197. What is the remainder when x is divided by v(k)?
45
What is the remainder when 61 is divided by ((-4)/3)/(3/36*(-2)/3)?
13
Suppose 1020 = -5*p - 4*z + 2836, 2*z + 1094 = 3*p. What is the remainder when p is divided by 6?
4
Suppose -9*v - 2087 = -5*l - 5*v, -v + 421 = l. Let j = l - 409. Calculate the remainder when j is divided by 4.
2
Let p = -2223 + 2564. Calculate the remainder when p is divided by 192.
149
Suppose 5*v = -30, -2*v - 7 = -6*k + 7*k. Calculate the remainder when 152 is divided by k.
2
Suppose c = 3*z - 32, -4*z + 2*c + 28 + 12 = 0. What is the remainder when 4024 is divided by z?
4
Let w(d) = d + 1. Let a(l) = -5*l + 18. Let g(i) = a(i) + 4*w(i). Calculate the remainder when 117 is divided by g(-9).
24
Let q = -844 - -971. Suppose q*s - 136*s + 297 = 0. Calculate the remainder when s is divided by 28.
5
Suppose 0 = -2*j - 4*r + 34, -4*j = 2*r - 36 - 2. Let k(b) = 85*b**3 + 2*b**2 - 5 + 11 - j. What is the remainder when k(1) is divided by 30?
26
Let f = 112 - 109. Let p(r) = 0*r - 2*r + 27 + 6 - f*r. What is the remainder when p(-14) is divided by 13?
12
Suppose 16*k - 580 = -13*k. What is the remainder when 390 is divided by k?
10
Let y(i) = -i**3 - 19*i**2 - 20*i + 6. Let g(m) = m**3 + 19*m**2 + 21*m - 7. Let b(w) = 2*g(w) + 3*y(w). Calculate the remainder when 66 is divided by b(-18).
2
Let w be (11 + -8 - (3 + -1))*2. Suppose y + 0*y - w = 0. Suppose y*c - 232 = -2*c. Calculate the remainder when c is divided by 21.
16
Let l(r) = 10*r**2 + 3*r - 15. Suppose 5*g - 3*u = -u + 24, 24 = 3*g + 2*u. What is the remainder when l(-5) is divided by g?
4
Let i = 8184 + -8173. What is the remainder when 324 is divided by i?
5
What is the remainder when 9/(-4)*385/(-693)*956 is divided by 10?
5
Let k(h) = -9 + 6*h + 6*h**2 + 36*h + 53*h. What is the remainder when k(-17) is divided by 7?
5
Suppose 0 = -9*v - 73 + 1738. Let p be -2*12/9*12. Let w = p + v. What is the remainder when w is divided by 26?
23
Let q = 3425 + -3307. Calculate the remainder when 13687 is divided by q.
117
Suppose 2*i = -2*i - 20, 3*x + 5*i + 13 = 0. Suppose 0*l + 2*l - 1280 = x*v, -l - 3*v = -660. What is the remainder when 94 is divided by (-2)/5 - l/(-20)?
30
Let a(t) = 13*t**2 - 200*t + 17. What is the remainder when a(20) is divided by 225?
92
Let i(c) = 2*c**2 + c + 1. Let z be i(-4). Suppose 4*w - v = -2*v + 8, -4*w = 3*v. Calculate the remainder when 53 is divided by (-3)/((-36)/(-8)) + z/w.
8
Calculate the remainder when 7 - (77/(-21))/(-11)*-4449 is di